et c(y) = -y**2 + 4*y + 12. Give c(7).
-9
Let l(d) = -2*d**2 + 6*d - 4. Calculate l(4).
-12
Let k(t) = -10*t - 1. Calculate k(1).
-11
Let r(p) = -p**2 + 16*p + 615. What is r(34)?
3
Let t(b) = -6*b + 3. Calculate t(-2).
15
Let q(l) = -l**3 - 7*l**2 - 4*l - 2. Give q(-3).
-26
Let a(q) = -q**3 + 7*q**2 + 22*q. Determine a(8).
112
Let o(z) = -5*z - 1. Give o(-4).
19
Let r(p) = -9*p**2 - p - 10. Calculate r(-3).
-88
Let z(s) = s**3 - 7*s**2 + 5*s + 5. What is z(6)?
-1
Let o(s) = 7*s + 156. Determine o(-24).
-12
Let k(r) = 11*r + 1. Calculate k(3).
34
Let q(w) = -w**2 - 10*w + 69. Calculate q(5).
-6
Let k(f) = 10*f**2 + 4*f + 3. Calculate k(-1).
9
Let t(z) = z**3 - 6*z**2 + 6*z - 2. What is t(5)?
3
Let l(m) = -m**3 + 5*m**2 - 2*m + 3. Give l(5).
-7
Let m(u) = -u**3 - 2*u**2 + 50*u + 103. What is m(-2)?
3
Let x(j) = -19*j**2 + j - 1. Determine x(1).
-19
Let f(b) = -2*b + 54. Give f(24).
6
Let p(d) = -d - 4. Give p(0).
-4
Let j(y) = -y + 8. Give j(4).
4
Let c(g) = g**3 + g**2 - 15*g. Determine c(5).
75
Let a(j) = -j**3 + 15*j**2 - 49*j - 4. Calculate a(10).
6
Let l(b) = -2*b**2 - b - 43. What is l(0)?
-43
Let y(x) = -2*x**2 - 13*x - 5. Calculate y(-8).
-29
Let v(x) = x**3 + 7*x**2 - 5*x + 29. Determine v(-8).
5
Let w(h) = h**3 - h**2 - 4*h - 4. Calculate w(-1).
-2
Let t(l) = l**2 - 9*l + 11. Determine t(7).
-3
Let f(n) = -2*n - 2. Determine f(2).
-6
Let u(g) = g**3 - 4*g**2 + 2*g - 3. Determine u(2).
-7
Let c(n) = -8*n**2 - 2*n + 2. Determine c(1).
-8
Let o(r) = -r**3 - 27*r**2 - 26*r + 32. What is o(-26)?
32
Let l(v) = -3*v - 17. Give l(-9).
10
Let b(h) = -9*h - 1. What is b(4)?
-37
Let k(x) = 3*x + 9. What is k(-3)?
0
Let a(d) = 26*d**3 + d**2 + 2*d + 1. Determine a(-1).
-26
Let d(h) = -5*h + 5. Give d(4).
-15
Let a(k) = -3*k - 7. Calculate a(3).
-16
Let k(q) = q**2 + 8*q - 4. Determine k(-6).
-16
Let d(l) = -l**2 - 2*l - 1. What is d(-4)?
-9
Let y(m) = -m - 4. What is y(-11)?
7
Let u(a) = -a**3 + 12*a**2 - 14*a + 6. Determine u(11).
-27
Let f(p) = -p**2 - 11*p + 7. What is f(-16)?
-73
Let y(d) = 33*d**2. Determine y(1).
33
Let n(u) = 13*u**3 - 4*u**2. Determine n(1).
9
Let t(r) = -2*r**2 - 30*r - 109. Give t(-8).
3
Let r(q) = -q**2 + 5*q + 9. Calculate r(5).
9
Let m(t) = -3*t**2 - 17*t + 10. Calculate m(-7).
-18
Let t(k) = -k**3 - 9*k**2 - 9*k - 4. Calculate t(-8).
4
Let y(t) = 9*t + 31. Give y(-3).
4
Let p(w) = -23*w**2 + 10*w + 8. What is p(-1)?
-25
Let s(j) = j**3 + 4*j**2 - 6*j + 3. Determine s(-6).
-33
Let g(k) = -k**3 + 9*k**2 - 9*k - 11. Calculate g(8).
-19
Let x(l) = -l**2 + 11. Determine x(0).
11
Let x(b) = 2*b**2 - b - 4. Determine x(3).
11
Let i(b) = b**3 + 17*b**2 + 26. What is i(-17)?
26
Let u(a) = -36*a - 2. Give u(2).
-74
Let f(a) = 4*a**2 + 4*a + 1. Give f(3).
49
Let c(f) = f**2 - f + 4. Give c(0).
4
Let m(j) = 6*j - 9. Give m(8).
39
Let a(c) = 7*c + 4. Calculate a(-5).
-31
Let o(p) = p - 6. Determine o(-14).
-20
Let p(z) = -4*z - 2. Determine p(8).
-34
Let s(o) = o**2 - 3*o - 2. Give s(-1).
2
Let a(m) = -26*m**3 + 4*m**2 + 2*m - 4. Determine a(1).
-24
Let w(u) = 23*u + 454. Determine w(-20).
-6
Let y(m) = -m**3 + 8*m**2 + m. What is y(8)?
8
Let y(i) = 4*i - 64. Calculate y(16).
0
Let x(k) = k**2 - 6*k - 14. Give x(-6).
58
Let n(i) = -i**2 + 3. Give n(-3).
-6
Let a(d) = 2*d**2 + d - 11. What is a(-3)?
4
Let n(m) = m**2 - m + 23. Calculate n(0).
23
Let z(d) = -d**3 + 16*d**2 + 3*d - 49. What is z(16)?
-1
Let o(q) = 2*q + 9. What is o(-6)?
-3
Let k(x) = 6*x - 5. Give k(5).
25
Let o(c) = 11*c + 39. Calculate o(-7).
-38
Let l(u) = 5*u + 11. What is l(-4)?
-9
Let g(s) = -3*s - 82. Determine g(-29).
5
Let v(d) = d**2 + 4*d + 10. Give v(-6).
22
Let y(m) = -11*m + 32. Determine y(12).
-100
Let f(x) = x**2 + 18*x - 28. Calculate f(-19).
-9
Let k(h) = h**2 - 10*h + 8. What is k(11)?
19
Let b(h) = -h**2 - 40*h - 338. Determine b(-12).
-2
Let w(u) = u**2 + 5*u + 5. What is w(-4)?
1
Let s(w) = -6*w**2 + 65*w - 25. Give s(10).
25
Let a(s) = -2*s**3 + 11*s**2 + 6*s - 9. Calculate a(5).
46
Let q(h) = -2*h**2 + 7*h - 11. Give q(5).
-26
Let d(q) = 3*q**2 - 24*q - 2. What is d(7)?
-23
Let l(j) = j**2 - 5*j - 3. Give l(-3).
21
Let s(m) = -2*m**2 + 6*m + 16. Calculate s(-2).
-4
Let w(z) = -z**2 - 12*z - 14. What is w(-5)?
21
Let w(y) = y**3 - 3*y**2 + 6*y - 12. Give w(3).
6
Let m(n) = 7*n - 8. Determine m(0).
-8
Let i(t) = -7*t + 75. Determine i(10).
5
Let o(i) = -i**2 - 33*i + 142. Give o(4).
-6
Let v(z) = -4*z**2 - 29*z - 7. Determine v(-7).
0
Let d(u) = u**2 + 24*u + 153. What is d(-11)?
10
Let s(b) = -10*b + 5. Calculate s(2).
-15
Let s(w) = -w**2 - 8*w - 10. Give s(-7).
-3
Let n(q) = -45*q**3 + q**2 - 5*q + 6. Calculate n(1).
-43
Let p(y) = -y**2 - 51*y + 175. What is p(-54)?
13
Let y(w) = 13*w. Calculate y(-1).
-13
Let j(k) = 45*k - 183. Give j(4).
-3
Let z(v) = v**2 - 145*v - 592. What is z(-4)?
4
Let n(j) = j**2 - 14*j + 24. Determine n(12).
0
Let x(s) = s**2 + 5*s + 4. Give x(-5).
4
Let x(n) = -n**3 + 13*n**2 - 14*n + 13. Determine x(12).
-11
Let f(m) = m**2 + 16*m + 17. Calculate f(-8).
-47
Let m(i) = i**2 - 4*i - 11. Give m(5).
-6
Let n(t) = -2*t + 5. Determine n(2).
1
Let i(v) = 20*v**2 + 181*v - 4. Give i(-9).
-13
Let t(w) = -6*w + 13. Calculate t(2).
1
Let v(m) = m**3 + 7*m**2 - 10*m - 13. Give v(-8).
3
Let g(i) = -2*i**3 - 6*i**2 - 3*i - 2. Determine g(-3).
7
Let u(w) = -4*w - 3. Give u(-5).
17
Let a(j) = -j**3 - 18*j**2 + 19*j + 22. Calculate a(-19).
22
Let u(j) = j**3 - 8*j**2 + 5*j + 3. Give u(7).
-11
Let g(s) = s**3 - 10*s**2 - 4*s + 5. Determine g(10).
-35
Let f(k) = k**2 - k - 52. What is f(-6)?
-10
Let b(h) = -h**2 - 6*h + 4. Calculate b(-6).
4
Let n(x) = -15*x - 214. Determine n(-14).
-4
Let h(j) = 2*j**2 + 2*j - 7. Give h(-3).
5
Let d(j) = j**3 + 12*j**2 + 35*j + 1. Calculate d(-6).
7
Let a(l) = -2*l**2 - 15*l - 16. Give a(-7).
-9
Let t(x) = x**3 - 7*x**2 + 8*x - 6. Calculate t(6).
6
Let w(k) = -4*k + 18. Calculate w(5).
-2
Let v(a) = -a**2 - 15*a + 27. Determine v(-18).
-27
Let l(n) = -11*n**2 + n - 1. Give l(1).
-11
Let t(p) = -32*p**3 - 2*p**2 + 1. Calculate t(-1).
31
Let h(s) = -15*s - 1. Calculate h(1).
-16
Let h(b) = -8*b**2 - 9*b - 2. Calculate h(-1).
-1
Let j(r) = r**3 - 3*r**2 + 5*r - 31. What is j(4)?
5
Let h(l) = l**3 + 10*l**2 - 21*l + 28. What is h(-12)?
-8
Let j(b) = -22*b - 187. Calculate j(-8).
-11
Let u(r) = -r + 17. What is u(29)?
-12
Let a(c) = -c**3 + 10*c**2 - 7*c - 10. Determine a(8).
62
Let s(p) = -p**2 - 16*p + 66. Calculate s(-19).
9
Let o(r) = -4*r**2 - 4*r + 3. Calculate o(3).
-45
Let g(t) = 3*t**2 + 42*t + 102. What is g(-11)?
3
Let u(b) = b**3 - 5*b**2 - 18*b + 63. Give u(6).
-9
Let b(v) = 4*v + 27. Determine b(-8).
-5
Let u(o) = o. Calculate u(1).
1
Let c(l) = 24*l - 11. Determine c(4).
85
Let f(s) = -s**3 + 3*s**2 + 19*s - 45. Calculate f(3).
12
Let n(g) = 2*g + 5. Give n(-9).
-13
Let u(w) = 2*w. Give u(23).
46
Let h(n) = -n - 4. What is h(-2)?
-2
Let h(a) = -2*a - 47. Calculate h(-20).
-7
Let n(a) = 3*a - 11. Determine n(-16).
-59
Let f(s) = -s**3 - 5*s**2 + 2*s + 2. What is f(-5)?
-8
Let q(v) = -31*v - 554. Determine q(-18).
4
Let a(x) = 36*x + 2. Determine a(-3).
-106
Let g(l) = 12*l**3. Determine g(-1).
-12
Let v(a) = a**3 + 11*a**2 + 4*a + 25. Give v(-11).
-19
Let j(s) = -4*s + 41. Determine j(5).
21
Let b(x) = -2*x + 9. Give b(5).
-1
Let v(d) = d**3 + 3*d**2 - 2*d + 7. Determine v(-4).
-1
Let h(p) = -p**3 - p - 12. Calculate h(0).
-12
Let p(i) = -48*i - 181. Determine p(-4).
11
Let h(r) = -r**3 + 8*r**2 + 4*r - 6. What is h(8)?
26
Let h(n) = -2*n**3 - 45*n**2 + 24*n + 15. Determine h(-23).
-8
Let q(n) = -3*n**2 - 9*n - 2. Determine q(2).
-32
Let q(u) = 2*u - 30. Give q(17).
4
Let m(f) = -f**2 + 9*f + 11. Determine m(12).
-25
Let u(w) = -w**3 + 10*w**2 + 10*w. Give u(11).
-11
Let l(s) = s**3 + 22*s**2 + 18*s - 10. Calculate l(-21).
53
Let b(g) = -17*g - 329. Determine b(-19).
-6
Let v(t) = -t + 22. Calculate v(10).
12
Let g(l) = -77*l + 853. What is g(11)?
6
Let c(p) = -p**3 - 3*p**2 + 2*p. Determine c(-3).
-6
Let b(s) = s**2 + 13*s - 7. What is b(-14)?
7
Let k(f) = -f**3 - 29*f**2 - 2*f - 51. Determine k(-29).
7
Let o(n) = n**3 + 9*n**2 + 11*n - 6. Determine o(-7).
15
Let c(o) = -2*o**3 + 6*o + 35. Determine c(0).
35
Let a(s) = s**2 + 10*s - 15. Give a(-9).
-24
Let v(u) = u + 59. Determi